{"id":2,"date":"2017-07-10T20:03:24","date_gmt":"2017-07-10T18:03:24","guid":{"rendered":"http:\/\/pl24.pdj.org.pl\/?page_id=2"},"modified":"2023-02-01T09:04:00","modified_gmt":"2023-02-01T08:04:00","slug":"przykladowa-strona","status":"publish","type":"page","link":"https:\/\/pl24.pdj.org.pl\/","title":{"rendered":"Modlitwa"},"content":{"rendered":"<p style=\"text-align: center;\"><strong><span style=\"font-family: helvetica, arial, sans-serif; font-size: 14pt; color: #ff0000;\">Witamy na stronie modlitwy Polska 24!<\/span><\/strong><\/p>\n<p><span class=\"text\" style=\"font-family: helvetica, arial, sans-serif;\">Zacz\u0119li\u015bmy modlitw\u0119 1 stycznia 2003 i trwamy w niej a\u017c do dzisiaj, 7 dni w tygodniu, 24 godziny na dob\u0119.<br \/>\nZnajdziesz tutaj aktualne tematy modlitwy w r\u00f3\u017cnych formatach, mo\u017cesz napisa\u0107 do jednego z koordynator\u00f3w modlitwy, a kalendarz pokazuje miejsca zaanga\u017cowane w modlitw\u0119 w poszczeg\u00f3lnych godzinach ka\u017cdego dnia.<br \/>\n<strong>Zach\u0119camy Ci\u0119 do przy\u0142\u0105czenia si\u0119!<\/strong><\/span><\/p>\n<p><span style=\"font-family: helvetica, arial, sans-serif;\">Oto praktyczne wskaz\u00f3wki, jak mo\u017cna zorganizowa\u0107 modlitw\u0119 Polska 24:<\/span><\/p>\n<ul>\n<li><span style=\"font-family: helvetica, arial, sans-serif;\">przekazywanie modlitwy SMS-em nast\u0119pnej osobie<\/span><\/li>\n<li><span style=\"font-family: helvetica, arial, sans-serif;\">poci\u0119cie wydrukowanych temat\u00f3w modlitwy na paski i rozdanie ich r\u00f3\u017cnym osobom, aby si\u0119 modli\u0142y wed\u0142ug tych temat\u00f3w na wsp\u00f3lnym spotkaniu &#8211; dzi\u0119ki temu wiele r\u00f3\u017cnych os\u00f3b bierze udzia\u0142 w modlitwie<\/span><\/li>\n<li><span style=\"font-family: helvetica, arial, sans-serif;\">do koordynacji &#8211; przydzielania godziny modlitwy, najlepiej jest u\u017cy\u0107 osob\u0119, kt\u00f3ra skutecznie zach\u0119ca innych<\/span><\/li>\n<li><span style=\"font-family: helvetica, arial, sans-serif;\">planowanie modlitwy raczej w blokach, ni\u017c w postaci rozrzuconych godzin &#8211; blok powoduje poczucie bycia cz\u0119\u015bci\u0105 wi\u0119kszej grupy<\/span><\/li>\n<li><span style=\"font-family: helvetica, arial, sans-serif;\">zaanga\u017cowanie os\u00f3b starszych (np. emeryt\u00f3w) na trudne, popo\u0142udniowe godziny<\/span><\/li>\n<li><span style=\"font-family: helvetica, arial, sans-serif;\">przydzielanie sta\u0142ych godzin tym samym osobom &#8211; przyzwyczajenie pomaga wype\u0142ni\u0107 zobowi\u0105zanie<\/span><\/li>\n<\/ul>\n<p>&nbsp;<\/p>\n","protected":false},"excerpt":{"rendered":"<p>Witamy na stronie modlitwy Polska 24! Zacz\u0119li\u015bmy modlitw\u0119 1 stycznia 2003 i trwamy w niej a\u017c do dzisiaj, 7 dni w tygodniu, 24 godziny na dob\u0119. Znajdziesz tutaj aktualne tematy modlitwy w r\u00f3\u017cnych formatach, mo\u017cesz napisa\u0107 do jednego z koordynator\u00f3w modlitwy, a kalendarz pokazuje miejsca zaanga\u017cowane w modlitw\u0119 w poszczeg\u00f3lnych godzinach ka\u017cdego dnia. Zach\u0119camy Ci\u0119 &#8230; <a title=\"Modlitwa\" class=\"read-more\" href=\"https:\/\/pl24.pdj.org.pl\/\" aria-label=\"Dowiedz si\u0119 wi\u0119cej o Modlitwa\">Read more<\/a><\/p>\n","protected":false},"author":1,"featured_media":0,"parent":0,"menu_order":0,"comment_status":"closed","ping_status":"open","template":"","meta":{"generate_page_header":"","footnotes":""},"class_list":["post-2","page","type-page","status-publish"],"_links":{"self":[{"href":"https:\/\/pl24.pdj.org.pl\/index.php\/wp-json\/wp\/v2\/pages\/2","targetHints":{"allow":["GET"]}}],"collection":[{"href":"https:\/\/pl24.pdj.org.pl\/index.php\/wp-json\/wp\/v2\/pages"}],"about":[{"href":"https:\/\/pl24.pdj.org.pl\/index.php\/wp-json\/wp\/v2\/types\/page"}],"author":[{"embeddable":true,"href":"https:\/\/pl24.pdj.org.pl\/index.php\/wp-json\/wp\/v2\/users\/1"}],"replies":[{"embeddable":true,"href":"https:\/\/pl24.pdj.org.pl\/index.php\/wp-json\/wp\/v2\/comments?post=2"}],"version-history":[{"count":7,"href":"https:\/\/pl24.pdj.org.pl\/index.php\/wp-json\/wp\/v2\/pages\/2\/revisions"}],"predecessor-version":[{"id":913,"href":"https:\/\/pl24.pdj.org.pl\/index.php\/wp-json\/wp\/v2\/pages\/2\/revisions\/913"}],"wp:attachment":[{"href":"https:\/\/pl24.pdj.org.pl\/index.php\/wp-json\/wp\/v2\/media?parent=2"}],"curies":[{"name":"wp","href":"https:\/\/api.w.org\/{rel}","templated":true}]}}